{"id":56,"date":"2025-09-19T20:02:29","date_gmt":"2025-09-19T20:02:29","guid":{"rendered":"https:\/\/markoblockspresents.hu\/?page_id=56"},"modified":"2025-10-07T19:48:25","modified_gmt":"2025-10-07T18:48:25","slug":"aktualis","status":"publish","type":"page","link":"https:\/\/markoblockspresents.hu\/index.php\/aktualis\/","title":{"rendered":"Stalker Project"},"content":{"rendered":"\t\t<div data-elementor-type=\"wp-page\" data-elementor-id=\"56\" class=\"elementor elementor-56\">\n\t\t\t\t<div class=\"elementor-element elementor-element-6c261f6f e-flex e-con-boxed e-con e-parent\" data-id=\"6c261f6f\" data-element_type=\"container\">\n\t\t\t\t\t<div class=\"e-con-inner\">\n\t\t\t\t<div class=\"elementor-element elementor-element-45e581e2 elementor-widget elementor-widget-text-editor\" data-id=\"45e581e2\" data-element_type=\"widget\" data-widget_type=\"text-editor.default\">\n\t\t\t\t\t\t\t\t\t<p><img fetchpriority=\"high\" decoding=\"async\" class=\"alignleft\" src=\"https:\/\/markoblockspresents.hu\/wp-content\/uploads\/2025\/10\/45f431434db5dac04980a499e4c7b49f-281x300.jpeg\" alt=\"\" width=\"281\" height=\"300\" \/> \u00a0\u00a0<\/p><p>\u00a0<\/p><p>A Stalker Project filmbemutat\u00f3ja\u00a02025. okt\u00f3ber 26-\u00e1n lesz, Vecs\u00e9sen a B\u00e1lint \u00c1gnes Kultur\u00e1lis<br \/>K\u00f6zpontban 14 \u00f3rai kezdettel.<\/p><p>Mindenkit szeretettel v\u00e1runk!<\/p><p>\u00a0<\/p><p>\u00a0<\/p><p>A St\u00fadi\u00f3 visszat\u00e9rt \u00e9s minden eddigin\u00e9l nagyobb szab\u00e1s\u00fa filmet keltett \u00e9letre a filmv\u00e1sznon!<\/p><p>A MarkoBlocks Presents leg\u00fajabb filmje, a Stalker Project a m\u00e1sik k\u00e9t el\u0151dj\u00e9hez k\u00e9pest sokkal komplexebb t\u00f6rt\u00e9nettel, kidolgozottabb karakterekkel \u00e9s izgalmas narrat\u00edv\u00e1kkal csalogatja n\u00e9z\u0151it a premierre.<\/p><p>Az 1 h\u00f3napja deb\u00fct\u00e1lt r\u00f6vid el\u0151zetesben m\u00e1r kaphattunk egy kis \u00edzel\u00edt\u0151t a film atmoszf\u00e9r\u00e1j\u00e1b\u00f3l, mely fut\u00f3t\u0171zk\u00e9nt terjedt el a MarkoBlocks Presents YouTube csatorn\u00e1j\u00e1n jelenleg a legn\u00e9zettebb vide\u00f3 lett a csatorn\u00e1n.<\/p><p>\u00dagy l\u00e1tszik valakik m\u00e1r nagyon v\u00e1rj\u00e1k az \u00faj filmet\u2026<\/p><p>Ha m\u00e9g nem l\u00e1ttad az el\u0151zetest itt megtekintheted:\u00a0<\/p><p><iframe title=\"Stalker Project el\u0151zetes\" width=\"800\" height=\"450\" src=\"https:\/\/www.youtube.com\/embed\/inzro-E7CMc?feature=oembed\" frameborder=\"0\" allow=\"accelerometer; autoplay; clipboard-write; encrypted-media; gyroscope; picture-in-picture; web-share\" referrerpolicy=\"strict-origin-when-cross-origin\" allowfullscreen><\/iframe><\/p><p>N\u00e9h\u00e1ny szinte m\u00e1r szt\u00e1rnak nevezhet\u0151 szerepl\u0151 ism\u00e9t visszat\u00e9r egy\u00a0f\u0151szerepben, k\u00f6zt\u00fck az el\u0151z\u0151 film &#8222;legjobb h\u00e1rmasa&#8221;: Moln\u00e1r Bence, Steve Lam\u00a0alak\u00edt\u00e1s\u00e1ban, Csobot Nimr\u00f3d Raymond Dallast alak\u00edtva \u00e9s Keresztesi M\u00e1rk is\u00a0felt\u0171nik Jack Anderson szerep\u00e9ben.\u00a0<\/p><p>Visszat\u00e9r m\u00e9g a b\u00e1tor kommand\u00f3sok\u00a0t\u00f6bbs\u00e9ge is: Seresi Krist\u00f3f Todd Allen szerep\u00e9ben, Jakab Bal\u00e1zs B\u00e1lint Chris\u00a0Williamst alak\u00edtva \u00e9s Horv\u00e1th Kolos Ryan Smith-et j\u00e1tszva.\u00a0<\/p><p>Emellett rengeteg \u00faj, profi sz\u00edn\u00e9sz teszi m\u00e9g tisztelet\u00e9t a Stalker Projectben: Bajnok Kata Alice Millert<br \/>j\u00e1tszva, Varga \u00c1fonya Dorina Lauren Morton szerep\u00e9ben,\u00a0Kov\u00e1cs J\u00e1zmin Charlotte Wilsonk\u00e9nt,\u00a0<span style=\"font-size: inherit;\">Karajz Martin Jay Crossk\u00e9nt, valamint l\u00e1thatjuk<\/span><span style=\"font-size: inherit;\">\u00a0Marczinka Istv\u00e1nt Henry Callenk\u00e9nt,\u00a0<\/span><span style=\"font-size: inherit;\">Fekete Zsigmondot David White-k\u00e9nt,\u00a0<\/span><span style=\"font-size: inherit;\">F\u00fcrjes G\u00e1bor pedig Eric Dallask\u00e9nt mutatkozik meg.\u00a0<\/span><\/p><p><span style=\"font-size: inherit;\">Persze a kor\u00e1bbi gonoszaink\u00a0<\/span><span style=\"font-size: inherit;\">sem restek \u00fajra megmutatni tehets\u00e9g\u00fcket: Bar\u00e1th Magdolna ez\u00fattal Dr.\u00a0<\/span><span style=\"font-size: inherit;\">Margaret Shorerk\u00e9nt bizony\u00edtja, hogy bizony nem csak maffia vez\u00e9rnek kiv\u00e1l\u00f3,\u00a0<\/span><span style=\"font-size: inherit;\">tov\u00e1bb\u00e1 visszat\u00e9r Ser\u00e9nyi Huba Dr. Nolen Greekk\u00e9nt, Marczinka Miksa Damian\u00a0<\/span><span style=\"font-size: inherit;\">Shorer szerep\u00e9ben, a film producere Bar\u00e1th Gabriella Dr. Victoria Hallk\u00e9nt,\u00a0<\/span><span style=\"font-size: inherit;\">G\u00f6d\u00f6r Levente Andr\u00e1s Arthur Diaz, azaz a Szellemk\u00f6ly\u00f6k szerep\u00e9ben mutatja\u00a0<\/span><span style=\"font-size: inherit;\">meg, hogy nem kell az ijeszt\u0151 megjelen\u00e9s egy antagonista eset\u00e9ben, mivel az\u00a0<\/span><span style=\"font-size: inherit;\">ember a legnagyobb sz\u00f6rnyeteg.\u00a0<\/span><\/p><p><img decoding=\"async\" src=\"https:\/\/markoblockspresents.hu\/wp-content\/uploads\/2025\/10\/IMG_4588-300x225.jpg\" alt=\"\" width=\"300\" height=\"225\" \/><\/p><p><span style=\"font-size: inherit;\">\u00c9s persze a c\u00edmszer<\/span><span style=\"font-size: inherit;\">epl\u0151nk, aki n\u00e9lk\u00fcl nem\u00a0<\/span><span style=\"font-size: inherit;\">j\u00f6hetett volna l\u00e9tre ez a project, hatalmas virtu\u00e1lis tapsot a Stalkert \u00e9s Ken\u00a0<\/span><span style=\"font-size: inherit;\">Dongedot is t\u00f6k\u00e9letesen megform\u00e1l\u00f3 Moln\u00e1r L\u00e1szl\u00f3 J\u00f3zsefnek!!!<\/span><\/p><p>\u00c9s akkor a l\u00e9nyeg amire sokatok m\u00e1r el\u00e9g k\u00edv\u00e1ncsi lehet, ez pedig nem m\u00e1s,<br \/>mint a premier.\u00a0<\/p><p>A szerepl\u0151inknek (sajnos csak egy r\u00e9sz\u00fck tudott elj\u00f6nni) m\u00e1r tartottunk egy premier el\u0151tti vet\u00edt\u00e9st, \u00e9s mindegyik\u0151j\u00fcknek nagyon tetszett a film, \u00edgy m\u00e9g izgatottabban v\u00e1rjuk a premiert, hogy ti mit fogtok sz\u00f3lni hozz\u00e1.<\/p><p><img decoding=\"async\" src=\"https:\/\/markoblockspresents.hu\/wp-content\/uploads\/2025\/10\/IMG_4584-300x244.jpg\" alt=\"\" width=\"300\" height=\"244\" \/><\/p><p>2025. okt\u00f3ber 26-\u00e1n elj\u00f6n a nagy nap \u00e9s sok szeretettel v\u00e1runk nemcsak t\u00e9ged, hanem a\u00a0csal\u00e1dod, a bar\u00e1taidat, egy sz\u00f3val mindenkit!\u00a0<\/p><p>A premiernek Vecs\u00e9sen a B\u00e1lint \u00c1gnes Kultur\u00e1lis K\u00f6zpont ad otthont (Vecs\u00e9s, Telepi \u00fat 43.)\u00a0<\/p><p>A vet\u00edt\u00e9s\u00a014 \u00f3rakor kezd\u0151dik, \u00e9s v\u00e1rhat\u00f3an 18 \u00f3r\u00e1ig fog tartani az esem\u00e9ny, tekintve, hogy a film j\u00e1t\u00e9kideje 2 \u00f3ra 50 perc. Hogy mindenki komfortosan \u00e9rezze mag\u00e1t, kb. a film fel\u00e9n\u00e9l sz\u00fcnetet fogunk tartani.<\/p><p>A vet\u00edt\u00e9s\u00a0d\u00edjmentes, de \u00e9rdemes el\u0151re jegyet ig\u00e9nyelni a premierre az al\u00e1bbi linken (a\u00a0regisztr\u00e1l\u00e1s szint\u00e9n ingyenes):\u00a0<\/p><p><a style=\"color: #0064d1; cursor: pointer; text-align: start; list-style-type: none; outline: none; -webkit-tap-highlight-color: transparent; font-weight: 600; touch-action: manipulation; display: inline; border-inline-width: 0px; margin-inline: 0px; border-inline-style: none; padding-inline: 0px; border-top-style: none; border-bottom-style: none; font-family: 'Segoe UI Historic', 'Segoe UI', Helvetica, Arial, sans-serif; white-space-collapse: preserve;\" tabindex=\"0\" role=\"link\" href=\"https:\/\/forms.gle\/SXphoYvQ1Wca4TEt8?fbclid=IwZXh0bgNhZW0CMTAAYnJpZBEwY3Z1bEJ2anZGRnBpb1ZnYwEe1mSgPQDKCrb67ZOCrp9mgCSDYeXysaDTvtaKhsDrHAoWoF1xY9tyAjWXMn0_aem_K2Ibug_i4qo-bPkKyG1TDw\" target=\"_blank\" rel=\"nofollow noopener\">https:\/\/forms.gle\/SXphoYvQ1Wca4TEt8<\/a><\/p><p>A regisztr\u00e1l\u00f3k a vet\u00edt\u00e9s ut\u00e1n tombola sorsol\u00e1son vesznek r\u00e9szt \u00e9s minden el\u0151re ig\u00e9nyelt \u00e9s a premieren leadott jegy\u00a0beker\u00fcl a kalapba.<\/p><p>Sz\u00f3val terjessz\u00e9tek a h\u00edrt ismer\u0151s\u00f6k k\u00f6z\u00f6tt, hogy v\u00e1runk mindenkit szeretettel\u00a0Vecs\u00e9sen a B\u00c1KK-ban a Stalker Projcet premier vet\u00edt\u00e9s\u00e9re!\u00a0<\/p><p>Mi m\u00e1r nagyonv\u00e1rjuk, \u00e9s ti?<\/p><p>\u00a0<\/p>\t\t\t\t\t\t\t\t<\/div>\n\t\t\t\t\t<\/div>\n\t\t\t\t<\/div>\n\t\t\t\t<\/div>\n\t\t","protected":false},"excerpt":{"rendered":"<p>\u00a0\u00a0 \u00a0 A Stalker Project filmbemutat\u00f3ja\u00a02025. okt\u00f3ber 26-\u00e1n lesz, Vecs\u00e9sen a B\u00e1lint \u00c1gnes Kultur\u00e1lisK\u00f6zpontban 14 \u00f3rai kezdettel. Mindenkit szeretettel v\u00e1runk! \u00a0 \u00a0 A St\u00fadi\u00f3 visszat\u00e9rt \u00e9s minden eddigin\u00e9l nagyobb szab\u00e1s\u00fa filmet keltett \u00e9letre a filmv\u00e1sznon! A MarkoBlocks Presents leg\u00fajabb filmje, a Stalker Project a m\u00e1sik k\u00e9t el\u0151dj\u00e9hez k\u00e9pest sokkal komplexebb&#8230; <a class=\"continue-reading-link\" href=\"https:\/\/markoblockspresents.hu\/index.php\/aktualis\/\"> Continue reading <span class=\"meta-nav\">&rarr; <\/span><\/a><\/p>\n","protected":false},"author":1,"featured_media":60,"parent":0,"menu_order":0,"comment_status":"closed","ping_status":"closed","template":"","meta":{"_seopress_robots_primary_cat":"","_seopress_titles_title":"","_seopress_titles_desc":"","_seopress_robots_index":"","footnotes":""},"class_list":["post-56","page","type-page","status-publish","has-post-thumbnail","hentry"],"_links":{"self":[{"href":"https:\/\/markoblockspresents.hu\/index.php\/wp-json\/wp\/v2\/pages\/56","targetHints":{"allow":["GET"]}}],"collection":[{"href":"https:\/\/markoblockspresents.hu\/index.php\/wp-json\/wp\/v2\/pages"}],"about":[{"href":"https:\/\/markoblockspresents.hu\/index.php\/wp-json\/wp\/v2\/types\/page"}],"author":[{"embeddable":true,"href":"https:\/\/markoblockspresents.hu\/index.php\/wp-json\/wp\/v2\/users\/1"}],"replies":[{"embeddable":true,"href":"https:\/\/markoblockspresents.hu\/index.php\/wp-json\/wp\/v2\/comments?post=56"}],"version-history":[{"count":23,"href":"https:\/\/markoblockspresents.hu\/index.php\/wp-json\/wp\/v2\/pages\/56\/revisions"}],"predecessor-version":[{"id":97,"href":"https:\/\/markoblockspresents.hu\/index.php\/wp-json\/wp\/v2\/pages\/56\/revisions\/97"}],"wp:featuredmedia":[{"embeddable":true,"href":"https:\/\/markoblockspresents.hu\/index.php\/wp-json\/wp\/v2\/media\/60"}],"wp:attachment":[{"href":"https:\/\/markoblockspresents.hu\/index.php\/wp-json\/wp\/v2\/media?parent=56"}],"curies":[{"name":"wp","href":"https:\/\/api.w.org\/{rel}","templated":true}]}}